emainder when u is divided by (3/(-6))/(1/(-22))?
10
Let o = 932 - 922. Calculate the remainder when 124 is divided by o.
4
Let q(o) = -o**2 - 7*o + 1. Suppose 4*t - 2*t + 28 = 0. Let y = 18 + t. What is the remainder when q(-5) is divided by y?
3
What is the remainder when 226 is divided by 1360/60 + 1/3?
19
Suppose 20*y - 8*y - 1068 = 0. What is the remainder when y is divided by 33?
23
Let u = 72 - 72. Suppose u = -x + 2*v + 23, -3*x - 4 + 75 = -4*v. What is the remainder when 122 is divided by x?
22
Suppose 5 = 3*a + 4*h, 5*a - a = 5*h - 45. What is the remainder when 10/(-25) + (-647)/a is divided by 27?
21
Suppose 2*r - h - 30 = 4, -5*r - 5*h + 100 = 0. What is the remainder when 52 is divided by r?
16
Suppose 4*v + 3*v = 35. Suppose -v*p - 25 = -6*p. Calculate the remainder when 96 is divided by p.
21
Let d(b) = -b**3 - 17*b**2 - 19*b - 8. What is the remainder when d(-16) is divided by 16?
8
Let t(h) = 0 + 4*h - 10 - 3 + 3. Let g be t(8). Suppose 33 = -21*o + g*o. What is the remainder when o is divided by 9?
6
Let b(n) = -28*n + 284. Calculate the remainder when 419 is divided by b(8).
59
Suppose -63 = 5*n - 83. Calculate the remainder when 31 is divided by n.
3
Let v(d) = -4*d + 237. Calculate the remainder when 126 is divided by v(53).
1
Let a = -84 - -108. Let p = -8 + a. Calculate the remainder when 62 is divided by p.
14
Suppose -5 = l - 15. Let a(w) = -w - 22. Let b be a(l). Calculate the remainder when 71 is divided by (-216)/b*(-16)/(-6).
17
What is the remainder when 38 is divided by 8/(14/(-21)*-2)?
2
Let a = -11754 + 11769. Let t(g) = 8*g**2 + g. Let z be t(-1). What is the remainder when a is divided by z + 2 + -1 + 1?
6
Let w(b) = -91*b + 2. Let j be w(1). Let d = -62 - j. What is the remainder when d is divided by 15?
12
Suppose 2 - 8 = -s. Let b = 16 - 4. Calculate the remainder when (b + 0)*(-7)/(-3) is divided by s.
4
Let n(v) be the second derivative of 2*v**3/3 + 19*v**2/2 + 17*v. What is the remainder when n(13) is divided by 18?
17
Suppose 11 - 5 = -3*u. Let z(s) = -2*s**3 - 2. What is the remainder when 109 is divided by z(u)?
11
Let c = 88 - 61. Suppose -2*a = 3*k - c, a + 4*k = -6 + 22. Calculate the remainder when a is divided by 1.
0
Suppose -27 = -0*z - 3*z. Suppose 5*o = -0*o - 3*w - z, -6 = 2*w. Suppose 5*v = -4*p - o*v + 76, 2*v = 2*p - 56. What is the remainder when 93 is divided by p?
21
Let t(w) be the first derivative of -3*w**2 - 40*w - 7. Calculate the remainder when t(-12) is divided by (-23)/(-3) + 8/(-12).
4
Let n(b) = b**3 - 27*b**2 - 25*b - 50. Calculate the remainder when 118 is divided by n(28).
16
Let f(b) = 7*b**2 + 57*b**3 + 0 - 58*b**3 + 3*b - 1. Let v be f(6). Let k = 100 - v. What is the remainder when k is divided by 12?
11
Let i(s) = 2 - 7*s + 5*s**2 + s**2 - 7*s**2 + 1. Calculate the remainder when 35 is divided by i(-6).
8
Let o(h) = -h**3 - 13*h**2 - 26*h - 17. What is the remainder when o(-12) is divided by 19?
18
Let t = 2396 - 2323. Calculate the remainder when t is divided by 27.
19
Let b = -156 - -206. Let k = -36 + 62. What is the remainder when b is divided by k?
24
Suppose t = 2*t. Let u(m) = -m + 12. Let c = -345 - -392. Calculate the remainder when c is divided by u(t).
11
Suppose -o = 1 - 3. Suppose -4*g - 2*k + 236 = o*k, 2*g + 4*k - 118 = 0. What is the remainder when g is divided by 31?
28
Let j = 49 - 46. Suppose -215 = -5*p + 5*q, -120 = -j*p + 2*q + 7. What is the remainder when p is divided by 7?
6
Let v(x) = -3*x**2 + 8*x - 1. Let t be v(4). Let m = t - -19. Suppose -m*c - 3*l + 12 = -4, c + 3*l - 2 = 0. What is the remainder when c is divided by 4?
2
Let k(u) = 20*u**2 - 2*u - 2. Calculate the remainder when k(2) is divided by (-1 - -2)/((-2)/(-38)).
17
Suppose 0 = -24*a + 14297 + 8791. Calculate the remainder when a is divided by 162.
152
Suppose -1068 = -4*i - 5*r + 1900, -2*r = i - 745. Calculate the remainder when i is divided by 18.
17
Let v(o) = -o + 42. Let i(b) = 3*b - 86. Let l(p) = 2*i(p) + 5*v(p). What is the remainder when (-30)/4*(-64)/6 is divided by l(-11)?
26
Let v be (-215)/(-5)*(3 + -5)/(-2). Let p = 70 - v. What is the remainder when 105 is divided by p?
24
Let o(x) = -x**2 - 16*x - 57. Let y be o(-12). Let s = 8 - y. Calculate the remainder when s is divided by 3.
2
Suppose 3*s + 4*q = 23, 0 = 5*s + 4*q - 12 - 21. Suppose 0 = s*v - 4*l - 291, -v + 240 = 3*v - 5*l. Calculate the remainder when v is divided by 14.
13
Suppose 2*g = -3*w + 8, -w - 5*g = -6*w + 30. Suppose -3*p + w*x + 150 = 0, -33 - 117 = -3*p + x. Calculate the remainder when p is divided by 17.
16
Suppose -3*o + 3*k = o - 1115, -1 = k. Suppose 0*a + o = -4*z - 2*a, -3*z = 5*a + 226. Let c = z - -107. What is the remainder when c is divided by 22?
18
Let l(w) = -8*w - 1. Calculate the remainder when l(-2) is divided by 8.
7
Suppose x = 12 + 2. Suppose 18 = 2*b - 3*p, -3*b + 13 = -3*p - x. What is the remainder when 24 is divided by b?
6
Let t(v) = 25*v**2 + 3 + 12 - 24*v**2 - 8*v. Let x = -17 - -45. Calculate the remainder when x is divided by t(7).
4
Let z(m) = 10*m**2 - 38*m - 4. Calculate the remainder when z(6) is divided by 51.
26
Suppose -3*j + 5*i + 102 = 0, 279*i - 48 = -j + 276*i. Calculate the remainder when 93 is divided by j.
15
Let g = 80 + -79. Let c(t) be the third derivative of 2*t**6/15 + t**4/12 - t**3/6 + t**2. What is the remainder when c(g) is divided by 9?
8
Suppose 2*c + 0*c = 32. Suppose 0 = -12*x + c*x - 300. Let y = 2 + 17. Calculate the remainder when x is divided by y.
18
Let l(w) = 50*w + 3. Let t be l(10). Suppose 2*p = 4*o - p + t, o = -p - 124. Let s = 227 + o. Calculate the remainder when s is divided by 26.
24
Let m(k) = 4*k - 7*k - k - 5 + 3*k. Let t be m(-5). Suppose -p - 5*l = -19, -5*l = -2*p - 7 - t. What is the remainder when p is divided by 2?
0
Let o be (-8)/(-156)*3 - (-479)/13. Suppose -d = a - 17, 4*d - 45 = -5*a + o. Calculate the remainder when a is divided by 3.
2
Suppose -2*m + 16 = -24. What is the remainder when m is divided by (9 + 287/(-35))/(4/40)?
4
Let x = -516 - -561. What is the remainder when x is divided by 40?
5
Let n = -7 - -7. Suppose 3*y - 4*y + 9 = 0. Suppose n = 4*a - y*a + 150. Calculate the remainder when a is divided by 11.
8
Suppose 8 = 6*a - 2*a. Suppose -p - p - 10 = 2*d, 0 = 5*p - a*d - 10. Suppose p = -2*y + 16 - 6. What is the remainder when 9 is divided by y?
4
Let c(n) = -2*n + 22*n**3 + 14 + 3*n - 21*n**3 + 10*n**2. Calculate the remainder when 10 is divided by c(-10).
2
Suppose 0 = 3*o + 5*d + 172, 3*o + 178 = -d + 2*d. Let x = -21 - o. Calculate the remainder when x is divided by 8.
6
Suppose -17*r = -157 - 285. What is the remainder when 49 is divided by r?
23
Suppose -4*g - g - 5 = 0. Let j be 6 + (-2 + g)/3. Suppose -j = -4*p + 3*p. What is the remainder when 8 is divided by p?
3
Let o be 4/7 + (-96)/(-28). Suppose -2*h + 27 = 5*x, x + o*h = h - 5. What is the remainder when 81 is divided by (-2 - (4 - x))*28?
25
Suppose 0*j + 3*j + 5*x - 96 = 0, -3*j + 117 = -2*x. Suppose 5*u + 119 = 669. Calculate the remainder when u is divided by j.
36
Let l be 2*1385/(-20) + (-9)/6. What is the remainder when 29 is divided by l/175 + 22/(-20)*-8?
5
Let g = 1524 - -347. What is the remainder when g is divided by 24?
23
Calculate the remainder when (2 + 4)/(56/14364) is divided by 55.
54
Suppose 0*j = 3*j + 5*q + 14, j = 4*q + 1. Let z be (0 + 21)/(6 + j). Suppose -z*m + 70 = -2*m. What is the remainder when m is divided by 4?
2
Let s be (-4)/(-30) - 1490/(-75). Suppose 14*y = 16*y - s. Calculate the remainder when 39 is divided by y.
9
Let h be (-1946)/(-98) - 1/(-7). Suppose -h = 4*b, -5*c + 2*b = -88 - 192. Calculate the remainder when c is divided by 28.
26
Suppose -40*x - 188 = -44*x - 4*n, 3*n + 160 = 4*x. What is the remainder when 503 is divided by x?
30
Suppose 2*f - 3*f = 2*y - 432, 1080 = 5*y + 2*f. Let q = -126 + y. What is the remainder when q is divided by 13?
12
Let j(n) = 7*n**2 + 10*n + 4. What is the remainder when j(-6) is divided by 22?
20
Suppose 12*h + 12 = 16*h. Suppose 3*t = -4*n + 7*t + 84, 0 = h*n - 4*t - 67. Calculate the remainder when 60 is divided by n.
9
Let i = 303 + -277. What is the remainder when i is divided by 14?
12
Let y be -350*(4 - (-13)/(-2)). Suppose 8*k - k - y =